{"id":6537,"date":"2022-02-02T14:02:22","date_gmt":"2022-02-02T20:02:22","guid":{"rendered":"https:\/\/gestoresdelatransformacion.com\/V01\/?page_id=6537"},"modified":"2022-02-02T14:14:19","modified_gmt":"2022-02-02T20:14:19","slug":"oferta_educativa","status":"publish","type":"page","link":"https:\/\/gestoresdelatransformacion.com\/V01\/oferta_educativa\/","title":{"rendered":"Oferta educativa"},"content":{"rendered":"\t\t<div data-elementor-type=\"wp-page\" data-elementor-id=\"6537\" class=\"elementor elementor-6537\">\n\t\t\t\t\t\t<section class=\"elementor-section elementor-top-section elementor-element elementor-element-2917848f elementor-section-boxed elementor-section-height-default elementor-section-height-default\" data-id=\"2917848f\" data-element_type=\"section\">\n\t\t\t\t\t\t<div class=\"elementor-container elementor-column-gap-default\">\n\t\t\t\t\t<div class=\"elementor-column elementor-col-100 elementor-top-column elementor-element elementor-element-7a904b61\" data-id=\"7a904b61\" data-element_type=\"column\">\n\t\t\t<div class=\"elementor-widget-wrap elementor-element-populated\">\n\t\t\t\t\t\t<div class=\"elementor-element elementor-element-111e7d27 elementor-widget elementor-widget-text-editor\" data-id=\"111e7d27\" data-element_type=\"widget\" data-widget_type=\"text-editor.default\">\n\t\t\t\t<div class=\"elementor-widget-container\">\n\t\t\t\t\t\t\t\t\t<h3><b>Oferta Educativa<\/b><\/h3>\n<p>El modelo educativo de la Universidad La Salle,\u00a0<em>ha sido distinguido por la Secretar\u00eda de Educaci\u00f3n P\u00fablica al otorgarle el t\u00edtulo de Universidad de Excelencia con Liderazgo Nacional<\/em>; contamos con la acreditaci\u00f3n Lisa y Llana por parte de la Federaci\u00f3n de Instituciones Mexicanas Particulares de Educaci\u00f3n Superior (FIMPES) y cada programa de estudios est\u00e1 reconocido por el respectivo organismo acreditador; lo que certifica la calidad de los procesos administrativos, acad\u00e9micos, formativos y acad\u00e9mico-administrativos.<\/p>\t\t\t\t\t\t\t\t<\/div>\n\t\t\t\t<\/div>\n\t\t\t\t\t<\/div>\n\t\t<\/div>\n\t\t\t\t\t<\/div>\n\t\t<\/section>\n\t\t\t\t<section class=\"elementor-section elementor-top-section elementor-element elementor-element-5d877d6 elementor-section-boxed elementor-section-height-default elementor-section-height-default\" data-id=\"5d877d6\" data-element_type=\"section\">\n\t\t\t\t\t\t<div class=\"elementor-container elementor-column-gap-default\">\n\t\t\t\t\t<div class=\"elementor-column elementor-col-100 elementor-top-column elementor-element elementor-element-d62682a\" data-id=\"d62682a\" data-element_type=\"column\">\n\t\t\t<div class=\"elementor-widget-wrap elementor-element-populated\">\n\t\t\t\t\t\t<div class=\"elementor-element elementor-element-837c6ba elementor-widget elementor-widget-accordion\" data-id=\"837c6ba\" data-element_type=\"widget\" data-widget_type=\"accordion.default\">\n\t\t\t\t<div class=\"elementor-widget-container\">\n\t\t\t\t\t\t\t<div class=\"elementor-accordion\">\n\t\t\t\t\t\t\t<div class=\"elementor-accordion-item\">\n\t\t\t\t\t<div id=\"elementor-tab-title-1371\" class=\"elementor-tab-title\" data-tab=\"1\" role=\"button\" aria-controls=\"elementor-tab-content-1371\" aria-expanded=\"false\">\n\t\t\t\t\t\t\t\t\t\t\t\t\t<span class=\"elementor-accordion-icon elementor-accordion-icon-left\" aria-hidden=\"true\">\n\t\t\t\t\t\t\t\t\t\t\t\t\t\t\t<span class=\"elementor-accordion-icon-closed\"><i class=\"fas fa-plus\"><\/i><\/span>\n\t\t\t\t\t\t\t\t<span class=\"elementor-accordion-icon-opened\"><i class=\"fas fa-minus\"><\/i><\/span>\n\t\t\t\t\t\t\t\t\t\t\t\t\t\t<\/span>\n\t\t\t\t\t\t\t\t\t\t\t\t<a class=\"elementor-accordion-title\" tabindex=\"0\">Escuela de Altos Estudios en Salud<\/a>\n\t\t\t\t\t<\/div>\n\t\t\t\t\t<div id=\"elementor-tab-content-1371\" class=\"elementor-tab-content elementor-clearfix\" data-tab=\"1\" role=\"region\" aria-labelledby=\"elementor-tab-title-1371\"><ul>\n<li><a href=\"https:\/\/gestoresdelatransformacion.com\/facultades_lasalle\/EAES\/enfermeria.html\" target=\"_blank\" rel=\"noopener\">Licenciatura en Enfermer\u00eda<\/a><\/li>\n<li><a href=\"https:\/\/gestoresdelatransformacion.com\/facultades_lasalle\/EAES\/deporte.html\" target=\"_blank\" rel=\"noopener\">Licenciatura en Ciencias en el Deporte<\/a><\/li>\n<li><a href=\"https:\/\/gestoresdelatransformacion.com\/facultades_lasalle\/EAES\/fisioterapia.html\" target=\"_blank\" rel=\"noopener\">Licenciatura en Fisioterapia y Promoci\u00f3n para la Salud<\/a><\/li>\n<li><a href=\"https:\/\/lasalle.mx\/oferta-educativa\/facultades\/escuela-de-altos-estudios-en-salud\/licenciatura-en-medicina-dental\/\" target=\"_blank\" rel=\"noopener\">Licenciatura en Medicina Dental<\/a><\/li>\n<\/ul><\/div>\n\t\t\t\t<\/div>\n\t\t\t\t\t\t\t<div class=\"elementor-accordion-item\">\n\t\t\t\t\t<div id=\"elementor-tab-title-1372\" class=\"elementor-tab-title\" data-tab=\"2\" role=\"button\" aria-controls=\"elementor-tab-content-1372\" aria-expanded=\"false\">\n\t\t\t\t\t\t\t\t\t\t\t\t\t<span class=\"elementor-accordion-icon elementor-accordion-icon-left\" aria-hidden=\"true\">\n\t\t\t\t\t\t\t\t\t\t\t\t\t\t\t<span class=\"elementor-accordion-icon-closed\"><i class=\"fas fa-plus\"><\/i><\/span>\n\t\t\t\t\t\t\t\t<span class=\"elementor-accordion-icon-opened\"><i class=\"fas fa-minus\"><\/i><\/span>\n\t\t\t\t\t\t\t\t\t\t\t\t\t\t<\/span>\n\t\t\t\t\t\t\t\t\t\t\t\t<a class=\"elementor-accordion-title\" tabindex=\"0\">Facultad Mexicana de Medicina<\/a>\n\t\t\t\t\t<\/div>\n\t\t\t\t\t<div id=\"elementor-tab-content-1372\" class=\"elementor-tab-content elementor-clearfix\" data-tab=\"2\" role=\"region\" aria-labelledby=\"elementor-tab-title-1372\"><ul class=\"toogles\">\n<li><label><span class=\"preg\">Facultad Mexicana de Medicina<\/span><\/label><\/li>\n<\/ul><\/div>\n\t\t\t\t<\/div>\n\t\t\t\t\t\t\t<div class=\"elementor-accordion-item\">\n\t\t\t\t\t<div id=\"elementor-tab-title-1373\" class=\"elementor-tab-title\" data-tab=\"3\" role=\"button\" aria-controls=\"elementor-tab-content-1373\" aria-expanded=\"false\">\n\t\t\t\t\t\t\t\t\t\t\t\t\t<span class=\"elementor-accordion-icon elementor-accordion-icon-left\" aria-hidden=\"true\">\n\t\t\t\t\t\t\t\t\t\t\t\t\t\t\t<span class=\"elementor-accordion-icon-closed\"><i class=\"fas fa-plus\"><\/i><\/span>\n\t\t\t\t\t\t\t\t<span class=\"elementor-accordion-icon-opened\"><i class=\"fas fa-minus\"><\/i><\/span>\n\t\t\t\t\t\t\t\t\t\t\t\t\t\t<\/span>\n\t\t\t\t\t\t\t\t\t\t\t\t<a class=\"elementor-accordion-title\" tabindex=\"0\">Facultad de Ingenier\u00eda<\/a>\n\t\t\t\t\t<\/div>\n\t\t\t\t\t<div id=\"elementor-tab-content-1373\" class=\"elementor-tab-content elementor-clearfix\" data-tab=\"3\" role=\"region\" aria-labelledby=\"elementor-tab-title-1373\"><ul>\n<li><a href=\"https:\/\/lasalle.mx\/oferta-educativa\/facultades\/facultad-de-ingenieria\/licenciatura-en-ingenieria-biomedica\/\">Licenciatura en Ingenier\u00eda Biom\u00e9dica<\/a><\/li>\n<li><a href=\"https:\/\/lasalle.mx\/oferta-educativa\/facultades\/facultad-de-ingenieria\/licenciatura-en-ingenieria-cibernetica-y-sistemas-computacionales\/\">Licenciatura en Ingenier\u00eda Cibern\u00e9tica y Sistemas Computacionales<\/a><\/li>\n<li><a href=\"https:\/\/lasalle.mx\/oferta-educativa\/facultades\/facultad-de-ingenieria\/licenciatura-en-ingenieria-civil\/\">Licenciatura en Ingenier\u00eda Civil<\/a><\/li>\n<li><a href=\"https:\/\/lasalle.mx\/oferta-educativa\/facultades\/facultad-de-ingenieria\/licenciatura-en-ingenieria-electronica\/\">Licenciatura en Ingenier\u00eda Electr\u00f3nica<\/a><\/li>\n<li><a href=\"https:\/\/lasalle.mx\/oferta-educativa\/facultades\/facultad-de-ingenieria\/licenciatura-en-ingenieria-industrial\/\">Licenciatura en Ingenier\u00eda Industrial<\/a><\/li>\n<li><a href=\"https:\/\/lasalle.mx\/oferta-educativa\/facultades\/facultad-de-ingenieria\/licenciatura-en-ingenieria-mecanica-y-en-sistemas-energeticos\/\">Licenciatura en Ingenier\u00eda Mec\u00e1nica y en Sistemas Energ\u00e9ticos<\/a><\/li>\n<li><a href=\"https:\/\/lasalle.mx\/oferta-educativa\/facultades\/facultad-de-ingenieria\/licenciatura-en-ingenieria-mecatronica\/\">Licenciatura en Ingenier\u00eda Mecatr\u00f3nica<\/a><\/li>\n<\/ul><\/div>\n\t\t\t\t<\/div>\n\t\t\t\t\t\t\t<div class=\"elementor-accordion-item\">\n\t\t\t\t\t<div id=\"elementor-tab-title-1374\" class=\"elementor-tab-title\" data-tab=\"4\" role=\"button\" aria-controls=\"elementor-tab-content-1374\" aria-expanded=\"false\">\n\t\t\t\t\t\t\t\t\t\t\t\t\t<span class=\"elementor-accordion-icon elementor-accordion-icon-left\" aria-hidden=\"true\">\n\t\t\t\t\t\t\t\t\t\t\t\t\t\t\t<span class=\"elementor-accordion-icon-closed\"><i class=\"fas fa-plus\"><\/i><\/span>\n\t\t\t\t\t\t\t\t<span class=\"elementor-accordion-icon-opened\"><i class=\"fas fa-minus\"><\/i><\/span>\n\t\t\t\t\t\t\t\t\t\t\t\t\t\t<\/span>\n\t\t\t\t\t\t\t\t\t\t\t\t<a class=\"elementor-accordion-title\" tabindex=\"0\">Facultad de Derecho<\/a>\n\t\t\t\t\t<\/div>\n\t\t\t\t\t<div id=\"elementor-tab-content-1374\" class=\"elementor-tab-content elementor-clearfix\" data-tab=\"4\" role=\"region\" aria-labelledby=\"elementor-tab-title-1374\"><ul>\n<li><a href=\"https:\/\/lasalle.mx\/oferta-educativa\/facultades\/facultad-de-derecho\/licenciatura-en-derecho\/\">Licenciatura en Derecho<\/a><\/li>\n<li><a href=\"https:\/\/lasalle.mx\/oferta-educativa\/facultades\/facultad-de-derecho\/licenciatura-en-relaciones-internacionales\/\">Licenciatura en Relaciones Internacionales<\/a><\/li>\n<\/ul><\/div>\n\t\t\t\t<\/div>\n\t\t\t\t\t\t\t<div class=\"elementor-accordion-item\">\n\t\t\t\t\t<div id=\"elementor-tab-title-1375\" class=\"elementor-tab-title\" data-tab=\"5\" role=\"button\" aria-controls=\"elementor-tab-content-1375\" aria-expanded=\"false\">\n\t\t\t\t\t\t\t\t\t\t\t\t\t<span class=\"elementor-accordion-icon elementor-accordion-icon-left\" aria-hidden=\"true\">\n\t\t\t\t\t\t\t\t\t\t\t\t\t\t\t<span class=\"elementor-accordion-icon-closed\"><i class=\"fas fa-plus\"><\/i><\/span>\n\t\t\t\t\t\t\t\t<span class=\"elementor-accordion-icon-opened\"><i class=\"fas fa-minus\"><\/i><\/span>\n\t\t\t\t\t\t\t\t\t\t\t\t\t\t<\/span>\n\t\t\t\t\t\t\t\t\t\t\t\t<a class=\"elementor-accordion-title\" tabindex=\"0\">Facultad Mexicana de Arquitectura, Dise\u00f1o y Comunicaci\u00f3n<\/a>\n\t\t\t\t\t<\/div>\n\t\t\t\t\t<div id=\"elementor-tab-content-1375\" class=\"elementor-tab-content elementor-clearfix\" data-tab=\"5\" role=\"region\" aria-labelledby=\"elementor-tab-title-1375\"><ul>\n<li><a href=\"https:\/\/lasalle.mx\/oferta-educativa\/facultades\/facultad-mexicana-de-arquitectura-disenio-y-comunicacion\/licenciatura-en-arquitectura\/\">Licenciatura en Arquitectura<\/a><\/li>\n<li><a href=\"https:\/\/lasalle.mx\/oferta-educativa\/facultades\/facultad-mexicana-de-arquitectura-disenio-y-comunicacion\/licenciatura-en-ciencias-de-la-comunicacion\/\">Licenciatura en Ciencias de la Comunicaci\u00f3n<\/a><\/li>\n<li><a href=\"https:\/\/lasalle.mx\/oferta-educativa\/facultades\/facultad-mexicana-de-arquitectura-disenio-y-comunicacion\/licenciatura-en-disenio-de-ambientes-interiores-y-exteriores\/\">Licenciatura en Dise\u00f1o de Ambientes Interiores y Exteriores<\/a><\/li>\n<li><a href=\"https:\/\/lasalle.mx\/oferta-educativa\/facultades\/facultad-mexicana-de-arquitectura-disenio-y-comunicacion\/licenciatura-en-disenio-de-productos\/\">Licenciatura en Dise\u00f1o de Productos<\/a><\/li>\n<li><a href=\"https:\/\/lasalle.mx\/oferta-educativa\/facultades\/facultad-mexicana-de-arquitectura-disenio-y-comunicacion\/licenciatura-en-disenio-grafico-y-digital\/\">Licenciatura en Dise\u00f1o Gr\u00e1fico y Digital<\/a><\/li>\n<\/ul><\/div>\n\t\t\t\t<\/div>\n\t\t\t\t\t\t\t<div class=\"elementor-accordion-item\">\n\t\t\t\t\t<div id=\"elementor-tab-title-1376\" class=\"elementor-tab-title\" data-tab=\"6\" role=\"button\" aria-controls=\"elementor-tab-content-1376\" aria-expanded=\"false\">\n\t\t\t\t\t\t\t\t\t\t\t\t\t<span class=\"elementor-accordion-icon elementor-accordion-icon-left\" aria-hidden=\"true\">\n\t\t\t\t\t\t\t\t\t\t\t\t\t\t\t<span class=\"elementor-accordion-icon-closed\"><i class=\"fas fa-plus\"><\/i><\/span>\n\t\t\t\t\t\t\t\t<span class=\"elementor-accordion-icon-opened\"><i class=\"fas fa-minus\"><\/i><\/span>\n\t\t\t\t\t\t\t\t\t\t\t\t\t\t<\/span>\n\t\t\t\t\t\t\t\t\t\t\t\t<a class=\"elementor-accordion-title\" tabindex=\"0\">Facultad de Negocios<\/a>\n\t\t\t\t\t<\/div>\n\t\t\t\t\t<div id=\"elementor-tab-content-1376\" class=\"elementor-tab-content elementor-clearfix\" data-tab=\"6\" role=\"region\" aria-labelledby=\"elementor-tab-title-1376\"><ul>\n<li><a href=\"https:\/\/lasalle.mx\/oferta-educativa\/facultades\/facultad-de-negocios\/licenciatura-en-actuaria\/\">Licenciatura en Actuar\u00eda<\/a><\/li>\n<li><a href=\"https:\/\/lasalle.mx\/oferta-educativa\/facultades\/facultad-de-negocios\/licenciatura-en-administracion\/\">Licenciatura en Administraci\u00f3n<\/a><\/li>\n<li><a href=\"https:\/\/lasalle.mx\/oferta-educativa\/facultades\/facultad-de-negocios\/licenciatura-en-comercio-y-negocios-internacionales\/\">Licenciatura en Comercio y Negocios Internacionales<\/a><\/li>\n<li><a href=\"https:\/\/lasalle.mx\/oferta-educativa\/facultades\/facultad-de-negocios\/licenciatura-en-contaduria-y-finanzas\/\">Licenciatura en Contadur\u00eda y Finanzas<\/a><\/li>\n<li><a href=\"https:\/\/lasalle.mx\/oferta-educativa\/facultades\/facultad-de-negocios\/licenciatura-en-tecnologias-de-la-informacion\/\">Licenciatura en Tecnolog\u00edas de la Informaci\u00f3n<\/a><\/li>\n<li><a href=\"https:\/\/lasalle.mx\/oferta-educativa\/facultades\/facultad-de-negocios\/licenciatura-en-ingenieria-economica-y-financiera\/\">Licenciatura en Ingenier\u00eda Econ\u00f3mica y Financiera<\/a><\/li>\n<li><a href=\"https:\/\/lasalle.mx\/oferta-educativa\/facultades\/facultad-de-negocios\/licenciatura-en-mercadotecnia\/\">Licenciatura en Mercadotecnia<\/a><\/li>\n<\/ul><\/div>\n\t\t\t\t<\/div>\n\t\t\t\t\t\t\t<div class=\"elementor-accordion-item\">\n\t\t\t\t\t<div id=\"elementor-tab-title-1377\" class=\"elementor-tab-title\" data-tab=\"7\" role=\"button\" aria-controls=\"elementor-tab-content-1377\" aria-expanded=\"false\">\n\t\t\t\t\t\t\t\t\t\t\t\t\t<span class=\"elementor-accordion-icon elementor-accordion-icon-left\" aria-hidden=\"true\">\n\t\t\t\t\t\t\t\t\t\t\t\t\t\t\t<span class=\"elementor-accordion-icon-closed\"><i class=\"fas fa-plus\"><\/i><\/span>\n\t\t\t\t\t\t\t\t<span class=\"elementor-accordion-icon-opened\"><i class=\"fas fa-minus\"><\/i><\/span>\n\t\t\t\t\t\t\t\t\t\t\t\t\t\t<\/span>\n\t\t\t\t\t\t\t\t\t\t\t\t<a class=\"elementor-accordion-title\" tabindex=\"0\">Facultad de Ciencias Qu\u00edmicas<\/a>\n\t\t\t\t\t<\/div>\n\t\t\t\t\t<div id=\"elementor-tab-content-1377\" class=\"elementor-tab-content elementor-clearfix\" data-tab=\"7\" role=\"region\" aria-labelledby=\"elementor-tab-title-1377\"><ul>\n<li><a href=\"https:\/\/lasalle.mx\/oferta-educativa\/facultades\/facultad-de-ciencias-quimicas\/licenciatura-en-ingenieria-ambiental\/\">Licenciatura en Ingenier\u00eda Ambiental<\/a><\/li>\n<li><a href=\"https:\/\/lasalle.mx\/oferta-educativa\/facultades\/facultad-de-ciencias-quimicas\/licenciatura-en-ingenieria-quimica\/\">Licenciatura en Ingenier\u00eda Qu\u00edmica<\/a><\/li>\n<li><a href=\"https:\/\/lasalle.mx\/oferta-educativa\/facultades\/facultad-de-ciencias-quimicas\/licenciatura-en-quimica-de-alimentos\/\">Licenciatura en Qu\u00edmica de Alimentos<\/a><\/li>\n<li><a href=\"https:\/\/lasalle.mx\/oferta-educativa\/facultades\/facultad-de-ciencias-quimicas\/licenciatura-en-quimico-farmaceutico-biologo\/\">Licenciatura en Qu\u00edmico Farmac\u00e9utico Bi\u00f3logo<\/a><\/li>\n<\/ul><\/div>\n\t\t\t\t<\/div>\n\t\t\t\t\t\t\t<div class=\"elementor-accordion-item\">\n\t\t\t\t\t<div id=\"elementor-tab-title-1378\" class=\"elementor-tab-title\" data-tab=\"8\" role=\"button\" aria-controls=\"elementor-tab-content-1378\" aria-expanded=\"false\">\n\t\t\t\t\t\t\t\t\t\t\t\t\t<span class=\"elementor-accordion-icon elementor-accordion-icon-left\" aria-hidden=\"true\">\n\t\t\t\t\t\t\t\t\t\t\t\t\t\t\t<span class=\"elementor-accordion-icon-closed\"><i class=\"fas fa-plus\"><\/i><\/span>\n\t\t\t\t\t\t\t\t<span class=\"elementor-accordion-icon-opened\"><i class=\"fas fa-minus\"><\/i><\/span>\n\t\t\t\t\t\t\t\t\t\t\t\t\t\t<\/span>\n\t\t\t\t\t\t\t\t\t\t\t\t<a class=\"elementor-accordion-title\" tabindex=\"0\">Facultad Humanidades Ciencias Sociales<\/a>\n\t\t\t\t\t<\/div>\n\t\t\t\t\t<div id=\"elementor-tab-content-1378\" class=\"elementor-tab-content elementor-clearfix\" data-tab=\"8\" role=\"region\" aria-labelledby=\"elementor-tab-title-1378\"><ul>\n<li><a href=\"https:\/\/lasalle.mx\/oferta-educativa\/facultades\/facultad-de-humanidades-ciencias-sociales\/teologia\/\">Licenciatura en Teolog\u00eda<\/a><\/li>\n<li><a href=\"https:\/\/lasalle.mx\/oferta-educativa\/facultades\/facultad-de-humanidades-ciencias-sociales\/liceniatura-en-pedagogia\/\">Licenciatura en Pedagog\u00eda<\/a><\/li>\n<li><a href=\"https:\/\/lasalle.mx\/oferta-educativa\/facultades\/facultad-de-humanidades-ciencias-sociales\/licenciatura-en-ciencias-religiosas-semi-abierto\/\">Licenciatura en Ciencias Religiosas (Semi abierto)<\/a><\/li>\n<li><a href=\"https:\/\/lasalle.mx\/oferta-educativa\/facultades\/facultad-de-humanidades-ciencias-sociales\/licenciatura-en-educacion-preescolar\/\">Licenciatura en Educaci\u00f3n Preescolar<\/a><\/li>\n<li><a href=\"https:\/\/lasalle.mx\/oferta-educativa\/facultades\/facultad-de-humanidades-ciencias-sociales\/licenciatura-en-educacion-primaria\/\">Licenciatura en Educaci\u00f3n Primaria<\/a><\/li>\n<li><a href=\"https:\/\/lasalle.mx\/oferta-educativa\/facultades\/facultad-de-humanidades-ciencias-sociales\/licenciatura-en-filosofia\/\">Licenciatura en Filosof\u00eda<\/a><\/li>\n<\/ul><\/div>\n\t\t\t\t<\/div>\n\t\t\t\t\t\t\t\t<\/div>\n\t\t\t\t\t\t<\/div>\n\t\t\t\t<\/div>\n\t\t\t\t<div class=\"elementor-element elementor-element-c187fc9 elementor-widget elementor-widget-spacer\" data-id=\"c187fc9\" data-element_type=\"widget\" data-widget_type=\"spacer.default\">\n\t\t\t\t<div class=\"elementor-widget-container\">\n\t\t\t\t\t\t\t<div class=\"elementor-spacer\">\n\t\t\t<div class=\"elementor-spacer-inner\"><\/div>\n\t\t<\/div>\n\t\t\t\t\t\t<\/div>\n\t\t\t\t<\/div>\n\t\t\t\t\t<\/div>\n\t\t<\/div>\n\t\t\t\t\t<\/div>\n\t\t<\/section>\n\t\t\t\t<\/div>\n\t\t","protected":false},"excerpt":{"rendered":"<p>Oferta Educativa El modelo educativo de la Universidad La Salle,\u00a0ha sido distinguido por la Secretar\u00eda de Educaci\u00f3n P\u00fablica al otorgarle el t\u00edtulo de Universidad de Excelencia con Liderazgo Nacional; contamos con la acreditaci\u00f3n Lisa y Llana por parte de la Federaci\u00f3n de Instituciones Mexicanas Particulares de Educaci\u00f3n Superior (FIMPES) y cada programa de estudios est\u00e1 [&hellip;]<\/p>\n","protected":false},"author":1,"featured_media":0,"parent":0,"menu_order":0,"comment_status":"closed","ping_status":"closed","template":"","meta":{"om_disable_all_campaigns":false,"footnotes":""},"class_list":["post-6537","page","type-page","status-publish","hentry"],"aioseo_notices":[],"_links":{"self":[{"href":"https:\/\/gestoresdelatransformacion.com\/V01\/wp-json\/wp\/v2\/pages\/6537","targetHints":{"allow":["GET"]}}],"collection":[{"href":"https:\/\/gestoresdelatransformacion.com\/V01\/wp-json\/wp\/v2\/pages"}],"about":[{"href":"https:\/\/gestoresdelatransformacion.com\/V01\/wp-json\/wp\/v2\/types\/page"}],"author":[{"embeddable":true,"href":"https:\/\/gestoresdelatransformacion.com\/V01\/wp-json\/wp\/v2\/users\/1"}],"replies":[{"embeddable":true,"href":"https:\/\/gestoresdelatransformacion.com\/V01\/wp-json\/wp\/v2\/comments?post=6537"}],"version-history":[{"count":9,"href":"https:\/\/gestoresdelatransformacion.com\/V01\/wp-json\/wp\/v2\/pages\/6537\/revisions"}],"predecessor-version":[{"id":6547,"href":"https:\/\/gestoresdelatransformacion.com\/V01\/wp-json\/wp\/v2\/pages\/6537\/revisions\/6547"}],"wp:attachment":[{"href":"https:\/\/gestoresdelatransformacion.com\/V01\/wp-json\/wp\/v2\/media?parent=6537"}],"curies":[{"name":"wp","href":"https:\/\/api.w.org\/{rel}","templated":true}]}}